2 and 26140404?
12
Calculate the highest common divisor of 158277527 and 185.
37
Calculate the greatest common factor of 2726 and 272890.
58
Calculate the highest common divisor of 10776387 and 623.
89
What is the highest common divisor of 574 and 7229243?
287
Calculate the greatest common divisor of 47788065 and 105.
15
Calculate the highest common divisor of 1092 and 788592.
84
What is the highest common divisor of 2659374 and 1062?
18
What is the greatest common factor of 1992 and 43088?
8
What is the greatest common divisor of 6343 and 495128237?
6343
What is the highest common factor of 1220 and 5494148?
244
Calculate the highest common divisor of 55461 and 74195.
19
What is the greatest common factor of 8250 and 91198250?
2750
Calculate the greatest common divisor of 4032 and 5884608.
192
Calculate the greatest common factor of 124990239 and 1122.
561
Calculate the greatest common factor of 240426 and 239704.
722
What is the greatest common factor of 7 and 125029?
1
Calculate the highest common factor of 1943 and 22981.
67
Calculate the greatest common factor of 252315715 and 5.
5
Calculate the highest common factor of 154592523 and 9054.
4527
What is the highest common divisor of 156351 and 16008564?
741
Calculate the highest common divisor of 41190525 and 208575.
2025
Calculate the highest common divisor of 4765008 and 316128.
1776
What is the highest common factor of 45 and 213287805?
45
Calculate the highest common factor of 2652 and 422518629.
663
Calculate the highest common divisor of 90 and 194472640.
10
What is the highest common divisor of 750847 and 51377?
619
Calculate the highest common divisor of 796 and 47378119.
199
What is the greatest common divisor of 3486135 and 210?
15
Calculate the highest common factor of 58 and 439764468.
58
What is the greatest common divisor of 45 and 1546443?
9
What is the highest common divisor of 351 and 5399433?
351
Calculate the highest common divisor of 148788 and 23928.
12
What is the highest common factor of 121880400 and 26320?
3760
What is the highest common divisor of 16428 and 2387166?
222
What is the highest common factor of 6735198 and 30?
6
What is the greatest common factor of 110540315 and 1247?
1247
Calculate the greatest common factor of 4352 and 1776.
16
What is the highest common divisor of 393747864 and 2466?
822
Calculate the highest common factor of 26 and 21111610.
26
What is the highest common factor of 14 and 21042434?
14
What is the highest common factor of 13980 and 8889?
3
Calculate the greatest common divisor of 16928749 and 1991.
181
Calculate the greatest common divisor of 847921 and 902.
41
Calculate the highest common factor of 68969894 and 854.
854
What is the highest common factor of 56 and 1031051?
7
What is the greatest common divisor of 58086992 and 16?
16
Calculate the greatest common factor of 188991 and 466785.
2277
Calculate the greatest common factor of 144600 and 90791448.
5784
What is the greatest common divisor of 730375 and 5737826?
5843
What is the highest common divisor of 1766496 and 9888?
96
Calculate the greatest common divisor of 1037612 and 96.
4
Calculate the highest common divisor of 61361538 and 28.
14
What is the highest common divisor of 1403049684 and 492?
492
What is the highest common divisor of 192 and 10057416?
24
Calculate the highest common factor of 982926 and 2394.
126
Calculate the greatest common factor of 163810 and 8310.
10
What is the greatest common factor of 506959 and 8515981?
4651
What is the highest common factor of 541295 and 85?
5
What is the greatest common divisor of 121324346 and 24830?
4966
What is the greatest common factor of 596164 and 34093?
103
What is the highest common factor of 26226 and 3322425?
93
Calculate the highest common divisor of 33 and 1626450573.
33
What is the highest common divisor of 67379886 and 407?
37
Calculate the highest common divisor of 42635056 and 192.
16
Calculate the highest common factor of 157 and 4278564.
157
Calculate the highest common factor of 247172 and 1807192.
4052
What is the greatest common divisor of 1043105 and 2450?
35
What is the highest common divisor of 5328 and 3590073?
333
What is the greatest common divisor of 35316 and 49788?
108
What is the highest common divisor of 375 and 554325?
75
Calculate the highest common factor of 1710849 and 67848.
771
Calculate the highest common factor of 224281 and 13430.
1343
What is the greatest common factor of 3 and 196472?
1
Calculate the highest common divisor of 4097907 and 1925649.
5247
What is the greatest common factor of 67759025 and 50320?
3145
What is the greatest common factor of 1767669 and 3191457?
6033
What is the greatest common factor of 1902066 and 114?
6
Calculate the highest common factor of 357415040 and 1025.
205
What is the highest common factor of 134600 and 119304056?
5384
What is the greatest common factor of 456396 and 1500?
12
What is the greatest common divisor of 15174845 and 234304?
3661
Calculate the greatest common divisor of 2260147 and 1629.
181
What is the greatest common factor of 10233 and 1152539?
379
What is the greatest common divisor of 1720 and 34667245?
215
What is the highest common divisor of 21387048 and 553308?
11292
Calculate the highest common divisor of 674113230 and 270.
90
What is the greatest common factor of 2525 and 71074205?
505
What is the greatest common factor of 35462 and 2639833?
1043
What is the greatest common factor of 10353480 and 1465660?
7220
Calculate the greatest common divisor of 891 and 226864.
11
Calculate the greatest common factor of 2149 and 4566932.
307
Calculate the highest common divisor of 864 and 626481.
27
Calculate the highest common divisor of 376 and 27215296.
8
What is the greatest common factor of 14477 and 537517?
467
What is the greatest common divisor of 752 and 84400?
16
What is the greatest common divisor of 30 and 342753990?
30
What is the highest common divisor of 2400 and 223305?
15
What is the highest common divisor of 1610 and 130545723?
161
Calculate the greatest common divisor of 691470 and 73125.
585
What is the greatest common factor of 7000375 and 32000?
125
What is the greatest common factor of 599697 and 9177?
399
What is the greatest common divisor of 5106 and 2080074?
138
What is the highest common divisor of 646844 and 5124?
244
Calculate the greatest common divisor of 258 and 563253.
3
What is the highest common factor of 2936 and 74864?
8
What is the greatest common factor of 3011570 and 227530?
610
Calculate the highest common factor of 94075480 and 440.
40
What is the highest common factor of 1317725 and 575?
25
Calculate the highest common divisor of 18907814 and 740.
74
What is the highest common divisor of 35223 and 828006?
177
Calculate the greatest common divisor of 69669 and 3177.
9
What is the greatest common factor of 109 and 733410315?
109
Calculate the greatest common factor of 5006244 and 84.
12
Calculate the highest common divisor of 78 and 382277935.
13
Calculate the greatest common factor of 142188 and 37884.
492
Calculate the greatest common divisor of 6 and 23601927.
3
What is the greatest common factor of 36 and 787131?
9
What is the greatest common factor of 4144 and 4252262?
518
Calculate the greatest common factor of 1823952444 and 3018.
3018
What is the highest common divisor of 7454424 and 15720?
3144
What is the greatest common divisor of 565600 and 151298?
1414
Calculate the highest common divisor of 10 and 54522610.
10
Calculate the greatest common divisor of 1852959 and 8833.
73
Calculate the highest common divisor of 54484 and 176808.
212
Calculate the highest common factor of 8166 and 1614.
6
What is the greatest common factor of 3908384 and 15984?
592
Calculate the greatest common divisor of 6065426 and 212.
106
Calculate the greatest common divisor of 859729 and 142844.
533
What is the greatest common divisor of 7987552 and 2528?
32
Calculate the greatest common factor of 3682 and 6851150.
526
What is the highest common factor of 246 and 1232862?
6
What is the highest common factor of 485072 and 1891?
61
Calculate the greatest common divisor of 144056 and 99440.
88
What is the highest common divisor of 117 and 89078652?
117
Calculate the greatest common divisor of 1370039 and 12395